 of o and x.
1
Suppose -6*p = -10*p - 4*t + 44, 0 = 2*t + 6. What is the greatest common factor of p and 77?
7
Let v be 4/2 - 100/5. Let x be (v/(-7))/((-3)/(-42)). Suppose w = -0*w + x. What is the greatest common divisor of 18 and w?
18
Let x(r) = r**3 + r**2 + r + 36. Let n be x(0). Let s be (-2)/9 + 908/n. Let d = -16 + s. Calculate the highest common factor of d and 63.
9
Let r = 10 + -8. Suppose -325 = -3*b - r*b. Calculate the greatest common factor of b and 26.
13
Let c(h) = h - 38. Let k be c(24). Let x be (-23 - k)/(2/(-2)). What is the highest common divisor of 153 and x?
9
Let s = -516 + 1029. Calculate the greatest common factor of s and 19.
19
Let l(t) = -9*t - 2*t - 2 + 0. Let b be l(-2). Let y(c) = c**3 - 10*c**2 + 10*c - 4. Let z be y(9). What is the highest common factor of b and z?
5
Suppose 3*s + u = -2*s + 15, 6 = 2*s + 2*u. Suppose 0 = -12*w - 36 + 84. Calculate the highest common divisor of s and w.
1
Let x(r) be the third derivative of -r**4/8 + r**3/3 + 3*r**2. Let b be x(-3). Let w be (-1)/(-2)*(-1 + b). What is the greatest common factor of w and 1?
1
Suppose j - 20*j = -8968. What is the greatest common factor of 59 and j?
59
Let p = -367 + 376. What is the greatest common divisor of p and 288?
9
Let v be -9 - (3 - (3 + 3)). Let r be 411/15 + v/15. Suppose -d = 2*s - 4*s + 32, 3*s - 34 = 5*d. Calculate the highest common divisor of s and r.
9
Let i(d) = -10*d - 6. Let r be i(5). Let j be (r/(-154))/(2/11). Calculate the highest common factor of j and 2.
2
Let k be -16 + 1608/40 - 2/10. Calculate the greatest common divisor of 1032 and k.
24
Suppose -92 = -5*j + 2*j + 5*t, -2*j - 4*t + 54 = 0. Let b(d) = d**2 + 12*d - 335. Let h be b(-26). Calculate the highest common factor of j and h.
29
Let t be 12 + (3/(-6))/(1/(-6)). What is the greatest common divisor of t and 10?
5
Suppose -7*d = -8*d + 2. What is the highest common divisor of 64 and d?
2
Let h = 12 - 9. Suppose h*k + 63 = 4*z, 3*z + 3*k - 63 = -0*k. Calculate the highest common factor of 45 and z.
9
Suppose -22*v = -14163 + 501. What is the greatest common factor of v and 23?
23
Let v be 30/5 + 0/1. Let i be (-14 - -13)*v/(-2). Suppose i*n + 10 = 5*n. What is the highest common factor of n and 5?
5
Let n(j) = j + 6. Let q be n(-6). Let f be q - ((-2)/(-2) - 40). Let x be ((-1716)/(-198))/(2/3). Calculate the highest common divisor of x and f.
13
Let a(y) = 2*y + 2. Let r be a(-9). Let u be r + 1 + (-7)/(-7). Let f be u/(-2) - (3 + -6). Calculate the highest common divisor of 10 and f.
10
Let o(i) = -i**3 - 5*i**2 + 3*i. Let g be o(-6). Suppose 3*q - q = -a + g, 24 = 2*q - 2*a. Calculate the highest common factor of q and 40.
10
Let f be 634/6 + (-10)/15. Calculate the greatest common factor of f and 60.
15
Let h(x) = -589*x**3 - x**2 - 11*x - 10. Let p be h(-1). What is the highest common divisor of p and 31?
31
Suppose -395 = -r + 46. Let b be r/28 - (-2)/8. What is the highest common factor of 40 and b?
8
Let d be (12/5)/(1/30). Suppose 0 = -18*n + 7*n + 66. Suppose -22 = -2*h - n. What is the greatest common factor of h and d?
8
Let x(b) = -b**3 + 10*b**2 + 15*b - 11. Let h be x(11). Suppose -6*t - 5*m + 28 = -3*t, -3*m - 47 = -4*t. What is the greatest common divisor of t and h?
11
Let i be 18 - (-1 + -3 + 6). What is the greatest common factor of i and 40?
8
Suppose 2*p - 34 + 12 = 0. Let m = -6 + p. Suppose c - 15 = -2*i, 5*c + 3*i - m*i = 27. What is the greatest common divisor of c and 35?
7
Let l be (184/8 - 3) + 1 + 2. Calculate the greatest common factor of l and 23.
23
Suppose -5*q - q + 2802 = 0. Let g = q + -264. What is the greatest common divisor of g and 29?
29
Let s = -5 + 8. Let g be 20 - 2 - 6/s. Let h = 48 - -96. Calculate the highest common factor of h and g.
16
Let m be (36/126)/((-1)/(-119)). Suppose m*u + 36 = 38*u. Suppose 3*z + 16 = a, -7*z - 25 = -2*z. Calculate the greatest common divisor of u and a.
1
Let g(a) = -a**2 - 3*a + 16. Let w(q) = -q**2 - 3*q + 17. Let l(u) = -6*g(u) + 5*w(u). Let s be l(-6). Calculate the highest common factor of s and 7.
7
Let q(n) = -2 + 5*n - 2*n + n. Let m be q(2). Suppose 6*t = 4*t + 18. What is the highest common divisor of m and t?
3
Suppose 0*y = -3*y. Suppose -4*d + 176 = 5*n - y*d, 116 = 4*n - 3*d. What is the highest common divisor of n and 32?
32
Let s be 0/(1 - 0/(-4)). Suppose -9*k = -7*k - 282. Suppose 669 = 5*p + v, p - k = -s*v - 2*v. Calculate the greatest common divisor of 19 and p.
19
Let f(w) = 5*w - 3. Let u be f(4). Suppose n + 9*n = 90. Suppose n*r = 4*r + 935. Calculate the greatest common divisor of u and r.
17
Let p(w) = -2*w - 1. Let u = 13 - 16. Let o be p(u). Suppose 18 = o*k - 2. Calculate the greatest common divisor of k and 32.
4
Let s be (1 + -98)/(8/(-16)). Suppose -l + s = -3*l. Let m = -52 - l. Calculate the greatest common divisor of 9 and m.
9
Let o be (130/(-91))/((-1)/98). Calculate the greatest common factor of o and 28.
28
Let r be (4/(-3))/((-16)/24). Suppose 9*z + 35 = 16*z. Calculate the highest common factor of z and r.
1
Let z = 341 + -251. What is the highest common divisor of z and 1530?
90
Let y(j) = 2*j**2 + 92*j - 160. Let v be y(-48). Calculate the highest common divisor of 848 and v.
16
Suppose -10 + 5 = -5*u. Suppose u = 5*m - 14. Calculate the highest common divisor of 6 and m.
3
Suppose 38 + 100 = 3*k. Let n = -30 + k. What is the greatest common factor of 4 and n?
4
Suppose 0 = 16*i - 15*i + 5. Let n be (3/(-9))/(i/120). Suppose 0 = -2*y - 2*y + 80. What is the highest common divisor of n and y?
4
Let x be ((-18)/(-8))/(2/8). Suppose 1640 = 14*w + 1136. Calculate the greatest common divisor of w and x.
9
Suppose 31*j = -5*j + 2268. What is the highest common factor of 84 and j?
21
Suppose 4*f + 4*s - 148 = 0, 32*s = 31*s - 2. What is the greatest common divisor of f and 169?
13
Let n(g) = 4*g + 235. Let v be n(0). What is the highest common divisor of v and 47?
47
Let y be 24*(-3 - (-7)/2). Suppose 0 = 5*k - 0*k. Suppose k*c = -4*c + 120. Calculate the highest common divisor of c and y.
6
Suppose -2*v - 52 = -3*u - 20, -55 = -5*u + 5*v. Let y be 8/(-44) - (-10)/55. Suppose y = 3*p - 7 - 68. Calculate the highest common divisor of p and u.
5
Let f(u) = -57*u**2 + 10*u + 10. Let r(b) = -56*b**2 + 9*b + 9. Let s(t) = 6*f(t) - 7*r(t). Let a be s(-1). Calculate the greatest common factor of 20 and a.
10
Let o(i) = i**2 - 8*i - 9. Let x be o(10). Suppose -x*h + 60 = -8*h. Let p = 0 - -8. What is the highest common factor of h and p?
4
Let h = -302 - -376. Calculate the highest common factor of h and 1184.
74
Suppose -12*n = -5*n. Suppose -2*x = -4, n*x = -5*v - 2*x + 109. Calculate the highest common factor of 42 and v.
21
Suppose 3*w = 2*m - 19 - 6, 0 = -4*m + 5*w + 47. Let g be ((-66)/(-9)*-3)/(m/(-4)). What is the highest common divisor of g and 33?
11
Let a = -92 + 134. Let k = a - 36. Calculate the highest common divisor of 6 and k.
6
Suppose -f + 17 = 4*c, -5*c + f + 2*f + 34 = 0. Let z be 110/(-2*1*(-5)/5). Calculate the highest common factor of z and c.
5
Let m be ((-2079)/(-99))/((12/(-10))/(-2)). Calculate the greatest common divisor of 5 and m.
5
Suppose 0*g - 60 = 3*g - 3*p, 4*g + 2*p + 104 = 0. Let o be (g/(-66))/(-2) - (-398)/11. Calculate the greatest common factor of 24 and o.
12
Let t(q) = -3*q**2 + 54*q + 25. Let r be t(18). What is the greatest common factor of r and 5?
5
Let v(i) = -i**2 - 19*i - 22. Let t be v(-16). Let q be 2700/t + 2/13. Suppose 0 = h + 4*h - 65. What is the greatest common divisor of q and h?
13
Let p(v) = v**3 + 12*v**2 + 36. Let f be p(-12). Calculate the highest common factor of f and 684.
36
Suppose -3*w + 6*w + w = 0. Suppose 11*n + w*n = 264. What is the greatest common factor of 12 and n?
12
Suppose -3*g - g = -4*v - 48, 2*v = 6. Let m(x) = 4*x**2 + 2*x - 10 - 3*x**2 - 3*x - 2*x. Let i be m(8). What is the greatest common factor of i and g?
15
Let f = -24 - -81. Let p = -27 + f. Let s = -2 + 7. Calculate the highest common divisor of s and p.
5
Let z(b) = -22*b - 100. Let k be z(-5). Calculate the greatest common divisor of k and 1090.
10
Let u(h) = -11 + 10*h**2 + 7*h**2 + 10. Let c be u(-1). Suppose 0 = -2*b + 3 + 61. What is the highest common divisor of c and b?
16
Let b = -21 + 10. Let o(r) = 